rs of 807.
3, 269
List the prime factors of 40.
2, 5
What are the prime factors of 4011?
3, 7, 191
What are the prime factors of 21705?
3, 5, 1447
List the prime factors of 2882.
2, 11, 131
What are the prime factors of 11204?
2, 2801
What are the prime factors of 29841?
3, 7, 29
What are the prime factors of 5431?
5431
What are the prime factors of 1931?
1931
What are the prime factors of 9527?
7, 1361
What are the prime factors of 19673?
103, 191
What are the prime factors of 2206?
2, 1103
What are the prime factors of 69871?
107, 653
What are the prime factors of 58845?
3, 5, 3923
What are the prime factors of 3057?
3, 1019
List the prime factors of 90828.
2, 3, 29
What are the prime factors of 42957?
3, 37, 43
What are the prime factors of 2881?
43, 67
List the prime factors of 1013.
1013
List the prime factors of 29776.
2, 1861
List the prime factors of 8050.
2, 5, 7, 23
List the prime factors of 33233.
167, 199
What are the prime factors of 116543?
7, 16649
What are the prime factors of 44197?
193, 229
What are the prime factors of 4326?
2, 3, 7, 103
What are the prime factors of 9955?
5, 11, 181
List the prime factors of 1442.
2, 7, 103
List the prime factors of 469.
7, 67
List the prime factors of 10124.
2, 2531
List the prime factors of 89679.
3, 167, 179
List the prime factors of 27552.
2, 3, 7, 41
What are the prime factors of 2694?
2, 3, 449
What are the prime factors of 1765?
5, 353
List the prime factors of 2131.
2131
List the prime factors of 1318.
2, 659
List the prime factors of 113973.
3, 37991
List the prime factors of 712.
2, 89
List the prime factors of 12991.
11, 1181
What are the prime factors of 1033?
1033
What are the prime factors of 6701?
6701
What are the prime factors of 1281?
3, 7, 61
List the prime factors of 5094.
2, 3, 283
What are the prime factors of 56176?
2, 3511
List the prime factors of 5995.
5, 11, 109
List the prime factors of 15753.
3, 59, 89
List the prime factors of 19661.
19661
List the prime factors of 360.
2, 3, 5
What are the prime factors of 43406?
2, 11, 1973
What are the prime factors of 7006?
2, 31, 113
List the prime factors of 120417.
3, 11, 41, 89
What are the prime factors of 677?
677
What are the prime factors of 693?
3, 7, 11
List the prime factors of 6345.
3, 5, 47
What are the prime factors of 18772?
2, 13, 19
What are the prime factors of 31777?
43, 739
What are the prime factors of 63879?
3, 107, 199
What are the prime factors of 866?
2, 433
What are the prime factors of 23105?
5, 4621
List the prime factors of 360.
2, 3, 5
List the prime factors of 7271.
11, 661
List the prime factors of 13280.
2, 5, 83
List the prime factors of 50.
2, 5
What are the prime factors of 16834?
2, 19, 443
List the prime factors of 764.
2, 191
What are the prime factors of 1217?
1217
What are the prime factors of 99804?
2, 3, 8317
List the prime factors of 13070.
2, 5, 1307
What are the prime factors of 786?
2, 3, 131
List the prime factors of 8458.
2, 4229
What are the prime factors of 121928?
2, 15241
List the prime factors of 20204.
2, 5051
List the prime factors of 12496.
2, 11, 71
List the prime factors of 170.
2, 5, 17
List the prime factors of 17620.
2, 5, 881
What are the prime factors of 2078?
2, 1039
What are the prime factors of 1710?
2, 3, 5, 19
List the prime factors of 1930.
2, 5, 193
List the prime factors of 11953.
11953
What are the prime factors of 740?
2, 5, 37
What are the prime factors of 446?
2, 223
What are the prime factors of 59968?
2, 937
List the prime factors of 544.
2, 17
What are the prime factors of 645?
3, 5, 43
List the prime factors of 167603.
17, 9859
What are the prime factors of 74928?
2, 3, 7, 223
What are the prime factors of 1555?
5, 311
What are the prime factors of 1953?
3, 7, 31
List the prime factors of 116842.
2, 11, 47, 113
What are the prime factors of 16793?
7, 2399
What are the prime factors of 25280?
2, 5, 79
List the prime factors of 4360.
2, 5, 109
What are the prime factors of 2545?
5, 509
What are the prime factors of 124?
2, 31
List the prime factors of 16999.
89, 191
What are the prime factors of 35?
5, 7
List the prime factors of 6478.
2, 41, 79
List the prime factors of 2496.
2, 3, 13
What are the prime factors of 2480?
2, 5, 31
List the prime factors of 14976.
2, 3, 13
What are the prime factors of 11253?
3, 11, 31
What are the prime factors of 8018?
2, 19, 211
List the prime factors of 2358.
2, 3, 131
What are the prime factors of 23957?
23957
What are the prime factors of 105?
3, 5, 7
List the prime factors of 6734.
2, 7, 13, 37
What are the prime factors of 8542?
2, 4271
What are the prime factors of 10815?
3, 5, 7, 103
List the prime factors of 1034.
2, 11, 47
What are the prime factors of 15105?
3, 5, 19, 53
What are the prime factors of 11363?
11, 1033
What are the prime factors of 8198?
2, 4099
What are the prime factors of 17369?
11, 1579
What are the prime factors of 94481?
107, 883
List the prime factors of 1275.
3, 5, 17
What are the prime factors of 3224?
2, 13, 31
What are the prime factors of 23958?
2, 3, 11
List the prime factors of 806.
2, 13, 31
What are the prime factors of 58794?
2, 3, 41, 239
List the prime factors of 5730.
2, 3, 5, 191
What are the prime factors of 13727?
7, 37, 53
What are the prime factors of 13451?
13451
List the prime factors of 459.
3, 17
List the prime factors of 1704.
2, 3, 71
What are the prime factors of 10901?
11, 991
List the prime factors of 2985.
3, 5, 199
What are the prime factors of 6190?
2, 5, 619
List the prime factors of 1077.
3, 359
What are the prime factors of 862?
2, 431
List the prime factors of 10474.
2, 5237
What are the prime factors of 2010?
2, 3, 5, 67
List the prime factors of 11027.
11027
What are the prime factors of 121314?
2, 3, 20219
List the prime factors of 2499.
3, 7, 17
What are the prime factors of 14815?
5, 2963
What are the prime factors of 5191?
29, 179
What are the prime factors of 99?
3, 11
List the prime factors of 1284.
2, 3, 107
What are the prime factors of 1470?
2, 3, 5, 7
List the prime factors of 6693.
3, 23, 97
List the prime factors of 16099.
17, 947
List the prime factors of 44074.
2, 22037
List the prime factors of 4580.
2, 5, 229
What are the prime factors of 5327?
7, 761
What are the prime factors of 66710?
2, 5, 7, 953
List the prime factors of 3157.
7, 11, 41
List the prime factors of 18020.
2, 5, 17, 53
List the prime factors of 24084.
2, 3, 223
List the prime factors of 7718.
2, 17, 227
What are the prime factors of 1285?
5, 257
What are the prime factors of 877?
877
What are the prime factors of 11786?
2, 71, 83
List the prime factors of 9428.
2, 2357
What are the prime factors of 1317?
3, 439
What are the prime factors of 110382?
2, 3, 18397
What are the prime factors of 32343?
3, 10781
What are the prime factors of 645?
3, 5, 43
What are the prime factors of 2300?
2, 5, 23
List the prime factors of 425.
5, 17
What are the prime factors of 33344?
2, 521
List the prime factors of 27104.
2, 7, 11
What are the prime factors of 3202?
2, 1601
List the prime factors of 46159.
31, 1489
List the prime factors of 14124.
2, 3, 11, 107
What are the prime factors of 2854?
2, 1427
List the prime factors of 52130.
2, 5, 13, 401
What are the prime factors of 24658?
2, 12329
What are the prime factors of 26178?
2, 3, 4363
List the prime factors of 9076.
2, 2269
List the prime factors of 39605.
5, 89
What are the prime factors of 19100?
2, 5, 191
What are the prime factors of 15955?
5, 3191
What are the prime factors of 832?
2, 13
List the prime factors of 39121.
19, 29, 71
What are the prime factors of 4339?
4339
What are the prime factors of 17865?
3, 5, 397
List the prime factors of 3492.
2, 3, 97
List the prime factors of 6019.
13, 463
List the prime factors of 74326.
2, 7, 5309
List the prime factors of 56561.
163, 347
List the prime factors of 1886.
2, 23, 41
What are the prime factors of 3098?
2, 1549
What are the prime factors of 51759?
3, 71
List the prime factors of 3642.
2, 3, 607
List the prime factors of 755.
5, 151
What are the prime factors of 31640?
2, 5, 7, 113
List the prime factors of 39336.
2, 3, 11, 149
List the prime factors of 742.
2, 7, 53
What are the prime factors of 31778?
2, 15889
List the prime factors of 890.
2, 5, 89
List the 